205
In base 14, what is -10735b - b?
-107368
In base 8, what is -157363 + 155?
-157206
In base 8, what is 2211041 - -3?
2211044
In base 10, what is 3 + -3750118?
-3750115
In base 13, what is -42 + c5333?
c52c1
In base 13, what is 60 - -11cab?
1203b
In base 11, what is -17290 - 4351?
-20631
In base 4, what is -1130333010 + 301222?
-1130031122
In base 15, what is -207e + 16c1?
-8ad
In base 7, what is 110311664 + 0?
110311664
In base 3, what is 12210 + 12121122010?
12121211220
In base 8, what is -7502 + -11146?
-20650
In base 15, what is -411326 + 16e?
-4111a7
In base 3, what is 11020 - -21012021012?
21012102102
In base 12, what is 265 - -b103?
b368
In base 8, what is -116 + -27464142?
-27464260
In base 7, what is 1 + 41402546?
41402550
In base 6, what is 1 + -24102542202?
-24102542201
In base 6, what is -20 + 212404250?
212404230
In base 9, what is -71 - 2503?
-2574
In base 12, what is 29 + 4b3a3?
4b410
In base 13, what is -a118145 + -5?
-a11814a
In base 10, what is -373578 + -22?
-373600
In base 4, what is -311010301 + -1003?
-311011310
In base 6, what is 50055442 + 4015?
50103501
In base 6, what is 4 - -2144212520?
2144212524
In base 8, what is -202240 - 4?
-202244
In base 16, what is -30c1b5 - 2?
-30c1b7
In base 8, what is 310075216 - 3?
310075213
In base 6, what is 140542 - 152?
140350
In base 14, what is 101727b + -2?
1017279
In base 13, what is -1ab023 - -80?
-1aac73
In base 3, what is -10200 - 10021201210?
-10021212110
In base 12, what is -1401690 + -3a?
-140170a
In base 15, what is 3 + -1317804?
-1317801
In base 2, what is -11010101100001111011101 - 1010?
-11010101100001111100111
In base 15, what is 6 - 384a3e?
-384a38
In base 8, what is -36555466 - -2?
-36555464
In base 15, what is -80d289 - 1?
-80d28a
In base 16, what is 45c + -5fa5?
-5b49
In base 13, what is b8 + 11546?
11631
In base 16, what is 4 - b9901?
-b98fd
In base 8, what is 7207446 - 6?
7207440
In base 14, what is 30478 + -192?
302c6
In base 5, what is -24324 - 234043?
-313422
In base 8, what is 102511 - -106473?
211204
In base 13, what is 8054 - 56?
7ccb
In base 14, what is -4012 + -682?
-4694
In base 5, what is -1134142 + -3342244?
-10031441
In base 8, what is -570 + 341640?
341050
In base 8, what is 334707300 + 10?
334707310
In base 15, what is -181ed637 + 0?
-181ed637
In base 9, what is -1058 + -55706?
-56765
In base 14, what is -3b8 - -14b1?
10d7
In base 5, what is 333334224 + -2?
333334222
In base 16, what is 4d - 6a1fb?
-6a1ae
In base 7, what is -140365444 + -5?
-140365452
In base 10, what is -10539 - 3311?
-13850
In base 8, what is -211442466 + -4?
-211442472
In base 16, what is -5880449 + -4?
-588044d
In base 5, what is -42433430401 + -4?
-42433430410
In base 9, what is 817 + -4258?
-3341
In base 2, what is -1000111000 - -100111100010001011?
100111011001010011
In base 7, what is -20025 + -13655?
-34013
In base 12, what is -1b20 + b727?
9807
In base 16, what is -6d9 + -33ab?
-3a84
In base 8, what is -10130410716 + -2?
-10130410720
In base 11, what is -487525 - 0?
-487525
In base 4, what is 10 + 11231200101213?
11231200101223
In base 8, what is -11 - -5040646?
5040635
In base 3, what is 101012120101010200 - -11?
101012120101010211
In base 2, what is 11000110101000 + -100110100?
11000001110100
In base 2, what is 11 - -10100100111011100001111100?
10100100111011100001111111
In base 14, what is -1bbd1 + -21a1?
-1dd92
In base 3, what is 122201111121201212 + 12?
122201111121202001
In base 9, what is 15405315 - 4?
15405311
In base 4, what is 32323322 + 100330?
33030312
In base 16, what is -75b - -d67b?
cf20
In base 14, what is 4027 - 80?
3d87
In base 7, what is -2426611 + 21?
-2426560
In base 14, what is -2 - 5784ba?
-5784bc
In base 9, what is -2 - 3536831?
-3536833
In base 6, what is 1010 - 2133323?
-2132313
In base 7, what is 1566 - 51265?
-46366
In base 5, what is 240043132 - -233?
240043420
In base 5, what is -420440 + -4040404?
-10011344
In base 4, what is -1002 - 2301222233?
-2301223301
In base 4, what is 10031301 + 313?
10032220
In base 3, what is -20 - 1021011200002012?
-1021011200002102
In base 13, what is -4 + 10a8831?
10a882a
In base 5, what is -3 - 313020043?
-313020101
In base 13, what is 4 + 17b0751?
17b0755
In base 5, what is -100133 - 343343?
-444031
In base 14, what is 63d9c - -c5?
64083
In base 13, what is b66b3b2 + -2?
b66b3b0
In base 13, what is 1013955 - 1b?
1013937
In base 6, what is -23321323 + -422?
-23322145
In base 16, what is -13 - 278b1e?
-278b31
In base 9, what is -10 - -22644144?
22644134
In base 12, what is -8 - -10bb765?
10bb759
In base 7, what is -6461645 - 3?
-6461651
In base 15, what is -26e - -288769?
2884ea
In base 6, what is -13 - 351213020?
-351213033
In base 14, what is -1b025cb8 - -5?
-1b025cb3
In base 6, what is -24252 + -5141155?
-5205451
In base 12, what is -31 - b4897?
-b4908
In base 4, what is -11332 + 222301312?
222223320
In base 11, what is -196 + 8a3411?
8a3226
In base 15, what is 148 + -ebad9?
-eb991
In base 7, what is -2 + -304105314?
-304105316
In base 5, what is 4 - -32440040033?
32440040042
In base 11, what is -3 + -26968928?
-26968930
In base 3, what is 2011111020110 - 1201220?
2011102111120
In base 14, what is 3b8d + -2d21?
c6c
In base 14, what is -1 - -1996db?
1996da
In base 13, what is -1ca - -1c64c7?
1c62ca
In base 12, what is -85046 + 6?
-85040
In base 8, what is 70 + -23162441?
-23162351
In base 7, what is -34415146 + 6?
-34415140
In base 8, what is -36 - 3263261?
-3263317
In base 4, what is 111121300 + 1133?
111123033
In base 15, what is ed8d8 - b?
ed8cc
In base 16, what is 842 + 141b?
1c5d
In base 6, what is -32 + 4410155?
4410123
In base 9, what is -26 + -77400?
-77426
In base 4, what is 323302011 + -11?
323302000
In base 3, what is -1202 - 221020121102?
-221020200011
In base 10, what is -11066 - 134?
-11200
In base 4, what is -1301 - 233302212?
-233310113
In base 10, what is 11250 - 609?
10641
In base 11, what is -23535 - -3447?
-20099
In base 5, what is -2322443 + -42001?
-2414444
In base 4, what is 3031033 + 3122?
3100221
In base 6, what is -1324355 + -3135?
-1331534
In base 12, what is 2979 + -2a9?
2690
In base 3, what is -11211221200 - -10121?
-11211211002
In base 6, what is -333 - -13332332?
13331555
In base 6, what is 2203332143 + 2?
2203332145
In base 5, what is 0 - -21000014123?
21000014123
In base 5, what is -13402424 - 30344?
-13433323
In base 12, what is -a64081a - 3?
-a640821
In base 6, what is -12 - -40535110?
40535054
In base 9, what is 4 + 258605066?
258605071
In base 15, what is 19 - 1330b1e?
-1330b05
In base 15, what is -8 - c0990?
-c0998
In base 15, what is -1e - 1396ed?
-13971c
In base 4, what is -13013 + -1031320?
-1110333
In base 2, what is 10110001011 - 11110110001010111?
-11110011011001100
In base 5, what is -314212442 - 121?
-314213113
In base 8, what is 334 + 16474?
17030
In base 14, what is -344d64 - 1?
-344d65
In base 11, what is -a0956 - -883?
-a0083
In base 15, what is 2c180 - 2c0?
2bdb0
In base 11, what is -498 + -1450a?
-149a7
In base 12, what is 5744093 + -3?
5744090
In base 6, what is -53513 - -500?
-53013
In base 7, what is -11 + -23052126?
-23052140
In base 7, what is -53433 - 362401?
-446134
In base 16, what is -d - 277e?
-278b
In base 7, what is 232225322 - -31?
232225353
In base 5, what is -202 - 2014020030?
-2014020232
In base 7, what is 1342506 - 106?
1342400
In base 13, what is 2 + 342658?
34265a
In base 16, what is 7e - -13be5f?
13bedd
In base 4, what is -3 - 1013312313032?
-1013312313101
In base 10, what is -7860 - 35235?
-43095
In base 9, what is -44313 - -6352?
-36851
In base 3, what is 122202010112202 + 122?
122202010120101
In base 9, what is -2741 + -415187?
-418038
In base 7, what is -120 - -11020531?
11020411
In base 14, what is 6150a8b + -1?
6150a8a
In base 13, what is -1b969a8 + -b?
-1b969b6
In base 11, what is 4 - 3215907?
-3215903
In base 7, what is 55236031 + 115?
55236146
In base 16, what is d4c6 - 1c7?
d2ff
In base 14, what is -1ba + 239c?
21c2
In base 9, what is 112772 - 82?
112680
In base 10, what is -26843999 - -7?
-26843992
In base 12, what is 9aba27 - 191?
9ab856
In base 15, what is -2de1e5 - 4?
-2de1e9
In base 10, what is 6989078 - -4?
6989082
In base 16, what is -8c + fb26?
fa9a
In base 14, what is -19780 + 886?
-18cd8
In base 10, what is -563650